{"id":2184,"date":"2018-07-04T12:43:41","date_gmt":"2018-07-04T11:43:41","guid":{"rendered":"http:\/\/ingeniousconsulting.fr\/lab\/?page_id=2184"},"modified":"2018-07-04T12:44:00","modified_gmt":"2018-07-04T11:44:00","slug":"experience2","status":"publish","type":"page","link":"http:\/\/ingeniousconsulting.fr\/lab\/experience2\/","title":{"rendered":"experience2"},"content":{"rendered":"<p>[et_pb_section bb_built=\u00a0\u00bb1&Prime; admin_label=\u00a0\u00bbsection\u00a0\u00bb background_color=\u00a0\u00bb#6aceb6&Prime; inner_shadow=\u00a0\u00bbon\u00a0\u00bb fullwidth=\u00a0\u00bbon\u00a0\u00bb next_background_color=\u00a0\u00bb#ffffff\u00a0\u00bb][et_pb_fullwidth_header title=\u00a0\u00bbNotre organisation :\u00a0\u00bb subhead=\u00a0\u00bbTrouver ensemble un contrat en alternance\u00a0\u00bb background_layout=\u00a0\u00bbdark\u00a0\u00bb \/][\/et_pb_section][et_pb_section bb_built=\u00a0\u00bb1&Prime; fullwidth=\u00a0\u00bboff\u00a0\u00bb specialty=\u00a0\u00bboff\u00a0\u00bb prev_background_color=\u00a0\u00bb#6aceb6&Prime; next_background_color=\u00a0\u00bb#2d3743&Prime;][et_pb_row][et_pb_column type=\u00a0\u00bb1_2&Prime;][et_pb_image src=\u00a0\u00bbhttp:\/\/ingeniousconsulting.fr\/lab\/wp-content\/uploads\/2018\/07\/equipeobjectifalternance.png\u00a0\u00bb show_in_lightbox=\u00a0\u00bbon\u00a0\u00bb url=\u00a0\u00bbhttps:\/\/youtu.be\/5VdvUkpB5JU\u00a0\u00bb url_new_window=\u00a0\u00bboff\u00a0\u00bb use_overlay=\u00a0\u00bboff\u00a0\u00bb sticky=\u00a0\u00bboff\u00a0\u00bb align=\u00a0\u00bbleft\u00a0\u00bb always_center_on_mobile=\u00a0\u00bbon\u00a0\u00bb use_border_color=\u00a0\u00bboff\u00a0\u00bb border_color=\u00a0\u00bb#ffffff\u00a0\u00bb border_style=\u00a0\u00bbsolid\u00a0\u00bb force_fullwidth=\u00a0\u00bboff\u00a0\u00bb animation=\u00a0\u00bbleft\u00a0\u00bb \/][\/et_pb_column][et_pb_column type=\u00a0\u00bb1_2&Prime;][et_pb_image src=\u00a0\u00bbhttp:\/\/ingeniousconsulting.fr\/lab\/wp-content\/uploads\/2018\/07\/entrepriseapprenante.png\u00a0\u00bb show_in_lightbox=\u00a0\u00bboff\u00a0\u00bb url=\u00a0\u00bbhttps:\/\/www.youtube.com\/watch?v=5VdvUkpB5JU&amp;feature=youtu.be\u00a0\u00bb url_new_window=\u00a0\u00bboff\u00a0\u00bb use_overlay=\u00a0\u00bboff\u00a0\u00bb sticky=\u00a0\u00bboff\u00a0\u00bb align=\u00a0\u00bbleft\u00a0\u00bb always_center_on_mobile=\u00a0\u00bbon\u00a0\u00bb use_border_color=\u00a0\u00bboff\u00a0\u00bb border_color=\u00a0\u00bb#ffffff\u00a0\u00bb border_style=\u00a0\u00bbsolid\u00a0\u00bb force_fullwidth=\u00a0\u00bboff\u00a0\u00bb animation=\u00a0\u00bbleft\u00a0\u00bb \/][\/et_pb_column][\/et_pb_row][\/et_pb_section][et_pb_section bb_built=\u00a0\u00bb1&Prime; admin_label=\u00a0\u00bbsection\u00a0\u00bb background_color=\u00a0\u00bb#2d3743&Prime; inner_shadow=\u00a0\u00bbon\u00a0\u00bb prev_background_color=\u00a0\u00bb#ffffff\u00a0\u00bb next_background_color=\u00a0\u00bb#ffffff\u00a0\u00bb][et_pb_row admin_label=\u00a0\u00bbrow\u00a0\u00bb][et_pb_column type=\u00a0\u00bb1_4&Prime;][et_pb_blurb title=\u00a0\u00bbld\u00e9e innovante :\u00a0\u00bb image=\u00a0\u00bbhttp:\/\/ingeniousconsulting.fr\/lab\/wp-content\/uploads\/2018\/07\/premade_blurb_6.png\u00a0\u00bb background_layout=\u00a0\u00bbdark\u00a0\u00bb text_orientation=\u00a0\u00bbjustified\u00a0\u00bb header_text_color=\u00a0\u00bb#6aceb6&Prime;]<\/p>\n<p>Objectif alternance est une organisation apprenante qui met en \u0153uvre un ensemble de pratiques et de dispositions pour rester en phase avec son \u00e9cosyst\u00e8me.<\/p>\n<p>[\/et_pb_blurb][\/et_pb_column][et_pb_column type=\u00a0\u00bb1_4&Prime;][et_pb_blurb title=\u00a0\u00bbLa m\u00eal\u00e9e (mini r\u00e9union)\u00a0\u00bb image=\u00a0\u00bbhttp:\/\/ingeniousconsulting.fr\/lab\/wp-content\/uploads\/2018\/07\/premade_blurb_8.png\u00a0\u00bb background_layout=\u00a0\u00bbdark\u00a0\u00bb text_orientation=\u00a0\u00bbjustified\u00a0\u00bb header_text_color=\u00a0\u00bb#6aceb6&Prime;]<\/p>\n<p>Moment de partage quotidien entre les membres de l&rsquo;\u00e9quipe permettant d&rsquo;organiser la journ\u00e9e et de v\u00e9rifier l&rsquo;alignement des objectifs et des actions \u00e0 entreprendre dans le temps (sprint).<\/p>\n<p>[\/et_pb_blurb][\/et_pb_column][et_pb_column type=\u00a0\u00bb1_4&Prime;][et_pb_blurb title=\u00a0\u00bbLe Po (r\u00e9gulateur)\u00a0\u00bb image=\u00a0\u00bbhttp:\/\/ingeniousconsulting.fr\/lab\/wp-content\/uploads\/2018\/07\/premade_blurb_7.png\u00a0\u00bb background_layout=\u00a0\u00bbdark\u00a0\u00bb header_text_color=\u00a0\u00bb#6aceb6&Prime;]<\/p>\n<p>Personne de l&rsquo;\u00e9quipe qui a pour d\u00e9l\u00e9gation de maximiser la valeur de l&rsquo;action \u00a0et du r\u00e9sultat.<\/p>\n<p>[\/et_pb_blurb][\/et_pb_column][et_pb_column type=\u00a0\u00bb1_4&Prime;][et_pb_blurb title=\u00a0\u00bbLe Scrum Master (responsable projet)\u00a0\u00bb image=\u00a0\u00bbhttp:\/\/ingeniousconsulting.fr\/lab\/wp-content\/uploads\/2018\/07\/premade_blurb_5.png\u00a0\u00bb background_layout=\u00a0\u00bbdark\u00a0\u00bb header_text_color=\u00a0\u00bb#6aceb6&Prime;]<\/p>\n<p>Personne au service de l&rsquo;\u00e9quipe pour l&rsquo;aider \u00e0 r\u00e9aliser les travaux demand\u00e9s par le PO<\/p>\n<p>[\/et_pb_blurb][\/et_pb_column][\/et_pb_row][\/et_pb_section][et_pb_section bb_built=\u00a0\u00bb1&Prime; admin_label=\u00a0\u00bbsection\u00a0\u00bb inner_shadow=\u00a0\u00bbon\u00a0\u00bb prev_background_color=\u00a0\u00bb#2d3743&Prime; next_background_color=\u00a0\u00bb#7EBEC5&Prime;][et_pb_row admin_label=\u00a0\u00bbrow\u00a0\u00bb][et_pb_column type=\u00a0\u00bb1_4&Prime;][et_pb_image \/][et_pb_image src=\u00a0\u00bbhttp:\/\/ingeniousconsulting.fr\/lab\/wp-content\/uploads\/2018\/07\/managementprojet.png\u00a0\u00bb \/][\/et_pb_column][et_pb_column type=\u00a0\u00bb3_4&Prime;][et_pb_image src=\u00a0\u00bbhttp:\/\/ingeniousconsulting.fr\/lab\/wp-content\/uploads\/2018\/07\/objectif-alternance2-e1493810638564.jpg\u00a0\u00bb show_in_lightbox=\u00a0\u00bbon\u00a0\u00bb \/][\/et_pb_column][\/et_pb_row][\/et_pb_section][et_pb_section bb_built=\u00a0\u00bb1&Prime; admin_label=\u00a0\u00bbsection\u00a0\u00bb background_color=\u00a0\u00bb#7EBEC5&Prime; prev_background_color=\u00a0\u00bb#ffffff\u00a0\u00bb next_background_color=\u00a0\u00bb#ffffff\u00a0\u00bb][et_pb_row admin_label=\u00a0\u00bbrow\u00a0\u00bb][et_pb_column type=\u00a0\u00bb4_4&Prime;][et_pb_text]<\/p>\n<h1><span style=\"color: #ffffff;\">Progression p\u00e9dagogique :\u00a0<\/span><\/h1>\n<p>[\/et_pb_text][\/et_pb_column][\/et_pb_row][\/et_pb_section][et_pb_section bb_built=\u00a0\u00bb1&Prime; admin_label=\u00a0\u00bbsection\u00a0\u00bb prev_background_color=\u00a0\u00bb#7EBEC5&Prime; next_background_color=\u00a0\u00bb#7EBEC5&Prime;][et_pb_row admin_label=\u00a0\u00bbrow\u00a0\u00bb][et_pb_column type=\u00a0\u00bb1_3&Prime;][et_pb_text]<\/p>\n<h2>Communication<\/h2>\n<p>[\/et_pb_text][et_pb_counters][et_pb_counter percent=\u00a0\u00bb50&Prime; background_color_default=\u00a0\u00bb#dddddd\u00a0\u00bb bar_background_color_default=\u00a0\u00bb#7EBEC5&Prime; use_percentages=\u00a0\u00bbon\u00a0\u00bb] Community Manager [\/et_pb_counter][et_pb_counter percent=\u00a0\u00bb60&Prime; background_color_default=\u00a0\u00bb#dddddd\u00a0\u00bb bar_background_color_default=\u00a0\u00bb#7EBEC5&Prime; use_percentages=\u00a0\u00bbon\u00a0\u00bb] R\u00e9seaux sociaux [\/et_pb_counter][et_pb_counter percent=\u00a0\u00bb60&Prime; background_color_default=\u00a0\u00bb#dddddd\u00a0\u00bb bar_background_color_default=\u00a0\u00bb#7EBEC5&Prime; use_percentages=\u00a0\u00bbon\u00a0\u00bb] Web Media [\/et_pb_counter][\/et_pb_counters][\/et_pb_column][et_pb_column type=\u00a0\u00bb1_3&Prime;][et_pb_text]<\/p>\n<h2>Management du projet<\/h2>\n<p>[\/et_pb_text][et_pb_counters][et_pb_counter percent=\u00a0\u00bb85&Prime; background_color_default=\u00a0\u00bb#dddddd\u00a0\u00bb bar_background_color_default=\u00a0\u00bb#7EBEC5&Prime; use_percentages=\u00a0\u00bbon\u00a0\u00bb] Logiciel gestion de projet : Ms project [\/et_pb_counter][et_pb_counter percent=\u00a0\u00bb70&Prime; background_color_default=\u00a0\u00bb#dddddd\u00a0\u00bb bar_background_color_default=\u00a0\u00bb#7EBEC5&Prime; use_percentages=\u00a0\u00bbon\u00a0\u00bb] La m\u00eal\u00e9e ( \u00e9change collectif) [\/et_pb_counter][et_pb_counter percent=\u00a0\u00bb50&Prime; background_color_default=\u00a0\u00bb#dddddd\u00a0\u00bb bar_background_color_default=\u00a0\u00bb#7EBEC5&Prime; use_percentages=\u00a0\u00bbon\u00a0\u00bb] Sprint ( gestion du temps des t\u00e2ches \u00e0 accomplir) [\/et_pb_counter][\/et_pb_counters][\/et_pb_column][et_pb_column type=\u00a0\u00bb1_3&Prime;][et_pb_text]<\/p>\n<h2>Prospection commerciale<\/h2>\n<p>[\/et_pb_text][et_pb_counters][et_pb_counter percent=\u00a0\u00bb70&Prime; background_color_default=\u00a0\u00bb#dddddd\u00a0\u00bb bar_background_color_default=\u00a0\u00bb#7EBEC5&Prime; use_percentages=\u00a0\u00bbon\u00a0\u00bb] Objectif : Relations entreprises [\/et_pb_counter][et_pb_counter percent=\u00a0\u00bb100&Prime; background_color_default=\u00a0\u00bb#dddddd\u00a0\u00bb bar_background_color_default=\u00a0\u00bb#7EBEC5&Prime; use_percentages=\u00a0\u00bbon\u00a0\u00bb] Objectif : Stages en entreprise [\/et_pb_counter][et_pb_counter percent=\u00a0\u00bb100&Prime; background_color_default=\u00a0\u00bb#dddddd\u00a0\u00bb bar_background_color_default=\u00a0\u00bb#7EBEC5&Prime; use_percentages=\u00a0\u00bbon\u00a0\u00bb] Objectif L&rsquo;alternance [\/et_pb_counter][\/et_pb_counters][\/et_pb_column][\/et_pb_row][\/et_pb_section][et_pb_section bb_built=\u00a0\u00bb1&Prime; admin_label=\u00a0\u00bbsection\u00a0\u00bb background_color=\u00a0\u00bb#7EBEC5&Prime; prev_background_color=\u00a0\u00bb#ffffff\u00a0\u00bb][et_pb_row admin_label=\u00a0\u00bbrow\u00a0\u00bb][et_pb_column type=\u00a0\u00bb1_2&Prime;][et_pb_cta title=\u00a0\u00bbNe soyez pas timide !\u00a0\u00bb button_url=\u00a0\u00bbhttp:\/\/objectifalternance.fr\/profils-objectif-alternance\/\u00a0\u00bb button_text=\u00a0\u00bbNos profils\u00a0\u00bb background_color=\u00a0\u00bbnone\u00a0\u00bb]<\/p>\n<p>Si notre d\u00e9marche vous int\u00e9resse collaborons ensemble<\/p>\n<p>[\/et_pb_cta][\/et_pb_column][et_pb_column type=\u00a0\u00bb1_2&Prime;][et_pb_cta title=\u00a0\u00bbEnvoyez-nous vos besoins !\u00a0\u00bb button_url=\u00a0\u00bbhttp:\/\/objectifalternance.fr\/contact\/\u00a0\u00bb button_text=\u00a0\u00bbContactez-nous \u00a0\u00bb background_color=\u00a0\u00bbnone\u00a0\u00bb]<\/p>\n<p>Nous les diffuserons d\u00e8s que possible aupr\u00e8s de notre r\u00e9seau<\/p>\n<p>[\/et_pb_cta][\/et_pb_column][\/et_pb_row][\/et_pb_section]<\/p>\n","protected":false},"excerpt":{"rendered":"<p><div class=\"et_pb_row et_pb_row_0 et_pb_row_empty\">\n\t\t\t\t\n\t\t\t\t\n\t\t\t\t\n\t\t\t\t\n\t\t\t\t\n\t\t\t<\/div> Objectif alternance est une organisation apprenante qui met en \u0153uvre un ensemble de pratiques et de dispositions pour rester en phase avec son \u00e9cosyst\u00e8me. Moment de partage quotidien entre les membres de l&rsquo;\u00e9quipe permettant d&rsquo;organiser la journ\u00e9e et de v\u00e9rifier l&rsquo;alignement des objectifs et des actions \u00e0 entreprendre dans le temps (sprint). Personne de [&hellip;]<\/p>\n","protected":false},"author":1,"featured_media":0,"parent":0,"menu_order":0,"comment_status":"closed","ping_status":"closed","template":"","meta":{"_et_pb_use_builder":"on","_et_pb_old_content":"","_et_gb_content_width":"","_mi_skip_tracking":false,"_monsterinsights_sitenote_active":false,"_monsterinsights_sitenote_note":"","_monsterinsights_sitenote_category":0},"_links":{"self":[{"href":"http:\/\/ingeniousconsulting.fr\/lab\/wp-json\/wp\/v2\/pages\/2184"}],"collection":[{"href":"http:\/\/ingeniousconsulting.fr\/lab\/wp-json\/wp\/v2\/pages"}],"about":[{"href":"http:\/\/ingeniousconsulting.fr\/lab\/wp-json\/wp\/v2\/types\/page"}],"author":[{"embeddable":true,"href":"http:\/\/ingeniousconsulting.fr\/lab\/wp-json\/wp\/v2\/users\/1"}],"replies":[{"embeddable":true,"href":"http:\/\/ingeniousconsulting.fr\/lab\/wp-json\/wp\/v2\/comments?post=2184"}],"version-history":[{"count":1,"href":"http:\/\/ingeniousconsulting.fr\/lab\/wp-json\/wp\/v2\/pages\/2184\/revisions"}],"predecessor-version":[{"id":2185,"href":"http:\/\/ingeniousconsulting.fr\/lab\/wp-json\/wp\/v2\/pages\/2184\/revisions\/2185"}],"wp:attachment":[{"href":"http:\/\/ingeniousconsulting.fr\/lab\/wp-json\/wp\/v2\/media?parent=2184"}],"curies":[{"name":"wp","href":"https:\/\/api.w.org\/{rel}","templated":true}]}}